{"id":175,"date":"2025-12-12T15:36:59","date_gmt":"2025-12-12T15:36:59","guid":{"rendered":"https:\/\/dezvoltaredurabila.granturi.ubbcluj.ro\/?page_id=175"},"modified":"2026-03-26T17:07:26","modified_gmt":"2026-03-26T17:07:26","slug":"laborator-stem","status":"publish","type":"page","link":"https:\/\/dezvoltaredurabila.granturi.ubbcluj.ro\/?page_id=175","title":{"rendered":"Laborator STEM"},"content":{"rendered":"\n<p class=\"has-text-align-center\"><strong>Serie 2 Activit\u0103\u021bi-2026<\/strong><\/p>\n\n\n\n<p>\u00cen cadrul proiectului&nbsp;<strong>GreenSeed<\/strong>&nbsp;v\u0103 invit\u0103m s\u0103 descoperi\u021bi experien\u021ba unic\u0103 oferit\u0103 de&nbsp;<strong>Laboratorul STEM al Universit\u0103\u021bii Babe\u0219-Bolyai<\/strong>,&nbsp;un spa\u021biu transdisciplinar creat special pentru voi, \u00een care ve\u021bi \u00eenv\u0103\u021ba cum se lucreaz\u0103 \u00een echipe multidisciplinare din domeniul s\u0103n\u0103t\u0103\u021bii \u0219i al \u0219tiin\u021belor conexe.<\/p>\n\n\n\n<p><strong>\ud83d\udca1 Ce v\u0103 oferim?<\/strong><\/p>\n\n\n\n<p>\u2714\ufe0f sesiuni practice \u0219i \u00eent\u00e2lniri interactive \u00een cadrul Laboratorului STEM;<br>\u2714\ufe0f oportunitatea de a lucra al\u0103turi de exper\u021bi \u0219i angajatori din domenii precum biologie, fizic\u0103, chimie, geografie, \u0219tiin\u021be medicale \u0219i ale s\u0103n\u0103t\u0103\u021bii;<br>\u2714\ufe0f dezvoltarea abilit\u0103\u021bilor de colaborare \u00een echipe transdisciplinare;<br>\u2714\ufe0f \u0219ansa de a participa la o conferin\u021b\u0103 transdisciplinar\u0103&nbsp;<strong>cu premii atractive<\/strong>. La finalul activit\u0103\u021bilor, ve\u021bi avea posibilitatea de a v\u0103 \u00eenscrie \u0219i de a participa la o&nbsp;<strong>conferin\u021b\u0103 transdisciplinar\u0103<\/strong>, cu condi\u021bia s\u0103 ave\u021bi&nbsp;<strong>minimum 3 prezen\u021be<\/strong>&nbsp;la activit\u0103\u021bile din Laboratorul STEM.<\/p>\n\n\n\n<p><strong>\u2002\u2002\u2002\u2002\u2002\u2002\u2002\u2002\ud83c\udfc6 Premii<\/strong><\/p>\n\n\n\n<p>\u2002\u2002\u2002\u2002\u2002\u2002\u2002\u2002\u00cen cadrul conferin\u021bei transdisciplinare se vor acorda:<\/p>\n\n\n\n<p>\u2002\u2002\u2002\u2002\u2002\u2002\u2002\u2002\u27a1\ufe0f&nbsp;<strong>15 premii<\/strong>, fiecare \u00een valoare de&nbsp;<strong>2.500 lei<\/strong><\/p>\n\n\n\n<p><strong>\ud83d\udccd Cum v\u0103 \u00eenscrie\u021bi la activit\u0103\u021bile din Laboratorul STEM?<\/strong><\/p>\n\n\n\n<p>\u2022 \u00censcrierea se face online, prin completarea formularului:&nbsp;<a rel=\"noreferrer noopener\" target=\"_blank\" href=\"https:\/\/eur01.safelinks.protection.outlook.com\/?url=https%3A%2F%2Fforms.office.com%2Fe%2FSjjWKmyAR6&amp;data=05%7C02%7Cfrancesca.sabau%40ubbcluj.ro%7C671ac6d59e2e4722746908de85b5d372%7C5a4863ed40c84fd58298fbfdb7f13095%7C0%7C0%7C639095213289141790%7CUnknown%7CTWFpbGZsb3d8eyJFbXB0eU1hcGkiOnRydWUsIlYiOiIwLjAuMDAwMCIsIlAiOiJXaW4zMiIsIkFOIjoiTWFpbCIsIldUIjoyfQ%3D%3D%7C0%7C%7C%7C&amp;sdata=%2FOVJXqBtb0qUrAKGtC2BV2QFNGgUgiQ5nYU6fmCzcZI%3D&amp;reserved=0\">\u00censcriere activit\u0103\u021bi Laborator STEM_2026_GreenSeed PEO311826 \u2013 Fill out form<\/a><br>\u2022 Selec\u021bia participan\u021bilor se va realiza \u00een ordinea \u00eenscrierii, pe principiul&nbsp;<strong>primul venit, primul servit<\/strong>, \u00een limita a&nbsp;<strong>maximum 35 de locuri<\/strong><br>\u2022 Vor fi formate&nbsp;<strong>2 grupe<\/strong>, fiecare cu minimum&nbsp;<strong>15 studen\u021bi<\/strong><br>\u2022 Participan\u021bii vor beneficia de&nbsp;<strong>minimum 6 \u00eent\u00e2lniri<\/strong>, fiecare cu durata de&nbsp;<strong>2 ore<\/strong>, al\u0103turi de speciali\u0219ti din facult\u0103\u021bile implicate \u0219i de angajatori din domeniu<\/p>\n\n\n\n<p><strong>\ud83d\udccc Termen-limit\u0103<\/strong><\/p>\n\n\n\n<p>\u00censcrierile la activit\u0103\u021bile din Laboratorul STEM se fac p\u00e2n\u0103 \u00een data de&nbsp;<strong>26&nbsp;martie 2026, ora 15:00<\/strong>.<\/p>\n\n\n\n<p>\ud83d\udc49&nbsp;<strong>Nu rata\u021bi aceast\u0103 oportunitate! Locurile sunt limitate!<\/strong><\/p>\n\n\n\n<div data-wp-interactive=\"core\/file\" class=\"wp-block-file\"><object data-wp-bind--hidden=\"!state.hasPdfPreview\" hidden class=\"wp-block-file__embed\" data=\"https:\/\/dezvoltaredurabila.granturi.ubbcluj.ro\/wp-content\/uploads\/2026\/03\/Lista-inscrisi-admisi-Activitati-laborator-STEM-an-II-implementare-Green-Seed.pdf\" type=\"application\/pdf\" style=\"width:100%;height:600px\" aria-label=\"Embed of Lista-inscrisi-admisi-Activitati-laborator-STEM-an II-implementare-Green-Seed.\"><\/object><a id=\"wp-block-file--media-b91a4a16-5c66-40bd-8c4a-5bc167b78a0c\" href=\"https:\/\/dezvoltaredurabila.granturi.ubbcluj.ro\/wp-content\/uploads\/2026\/03\/Lista-inscrisi-admisi-Activitati-laborator-STEM-an-II-implementare-Green-Seed.pdf\">Lista-inscrisi-admisi-Activitati-laborator-STEM-an II-implementare-Green-Seed<\/a><a href=\"https:\/\/dezvoltaredurabila.granturi.ubbcluj.ro\/wp-content\/uploads\/2026\/03\/Lista-inscrisi-admisi-Activitati-laborator-STEM-an-II-implementare-Green-Seed.pdf\" class=\"wp-block-file__button wp-element-button\" download aria-describedby=\"wp-block-file--media-b91a4a16-5c66-40bd-8c4a-5bc167b78a0c\">Download<\/a><\/div>\n\n\n\n<hr class=\"wp-block-separator has-alpha-channel-opacity\"\/>\n\n\n\n<details class=\"wp-block-details is-layout-flow wp-block-details-is-layout-flow\"><summary><strong>Serie 1 Activit\u0103\u021bi-2025<\/strong><\/summary>\n<p>Proiectul&nbsp;<strong>GreenSeed<\/strong>&nbsp;v\u0103 invit\u0103 s\u0103 descoperi\u021bi experien\u021ba unic\u0103 a&nbsp;<strong>Laboratorului&nbsp;STEM&nbsp;al UBB<\/strong>, un spa\u021biu transdisciplinar creat pentru voi, unde ve\u021bi \u00eenv\u0103\u021ba cum se lucreaz\u0103 \u00een echipe multidisciplinare \u00een domeniul s\u0103n\u0103t\u0103\u021bii \u0219i \u0219tiin\u021belor conexe.<\/p>\n\n\n\n<p><strong>\ud83d\udca1&nbsp;Ce v\u0103 oferim?<\/strong><\/p>\n\n\n\n<ul class=\"wp-block-list\">\n<li>&nbsp;Sesiuni practice \u0219i \u00eent\u00e2lniri interactive \u00een&nbsp;Laboratorul&nbsp;STEM, al\u0103turi de exper\u021bi \u0219i angajatori din domenii precum biologie, fizic\u0103, chimie, geografie, \u0219tiin\u021be medicale \u0219i ale s\u0103n\u0103t\u0103\u021bii.<\/li>\n\n\n\n<li><strong>minim 6 \u00eent\u00e2lniri (a c\u00e2te 2 ore)<\/strong>&nbsp;cu speciali\u0219ti din toate facult\u0103\u021bile implicate \u0219i cu angajatori din domeniu<\/li>\n<\/ul>\n\n\n\n<p>\ud83c\udfc6&nbsp;<strong>\u0218ansa de a participa la o conferin\u021b\u0103 transdisciplinar\u0103<\/strong>&nbsp;cu premii atractive cu condi\u021bia s\u0103 acumula\u021bi minim 3 prezen\u021be la activit\u0103\u021bi\/\u00eent\u00e2lniri oferite \u00een cadrul&nbsp;laboratorului&nbsp;STEM.<\/p>\n\n\n\n<p>\u27a1\ufe0f&nbsp;<strong>15 premii<\/strong>, fiecare \u00een valoare de&nbsp;<strong>2500&nbsp;lei<\/strong>&nbsp;(impozabili)\/ premiu!<\/p>\n\n\n\n<p><strong>\ud83d\udccd&nbsp;Cum v\u0103 \u00eenscrie\u021bi?<\/strong><\/p>\n\n\n\n<p>\u2022 \u00censcrierea se va face online, folosind formularul:<a rel=\"noreferrer noopener\" target=\"_blank\" href=\"https:\/\/forms.office.com\/e\/8mWc85nCd6\">&nbsp;\u00censcriere activit\u0103\u021bi&nbsp;Laborator&nbsp;STEM&nbsp;GreenSeed PEO311826<\/a><a rel=\"noreferrer noopener\" target=\"_blank\" href=\"https:\/\/forms.office.com\/e\/8mWc85nCd6\">&nbsp;<\/a><\/p>\n\n\n\n<p>\u2022 Se formeaz\u0103&nbsp;<strong>2 grupe<\/strong>, fiecare cu minimum&nbsp;<strong>15 studen\u021bi<\/strong><\/p>\n\n\n\n<p>\ud83d\udccc&nbsp;<strong>\u00censcrierile se fac<\/strong>&nbsp;p\u00e2n\u0103 la data de&nbsp;<strong>12 decembrie 2025, ora 17:00<\/strong>!<\/p>\n\n\n\n<p>\ud83d\udc49&nbsp;<strong>Nu rata\u021bi &nbsp;aceast\u0103 oportunitate! Locurile sunt limitate!<\/strong><\/p>\n\n\n\n<div data-wp-interactive=\"core\/file\" class=\"wp-block-file\"><object data-wp-bind--hidden=\"!state.hasPdfPreview\" hidden class=\"wp-block-file__embed\" data=\"https:\/\/dezvoltaredurabila.granturi.ubbcluj.ro\/wp-content\/uploads\/2025\/12\/Lista-inscrisi-admisi-activitati-Laborator-STEM.de-afisat.15.12.2025.pdf\" type=\"application\/pdf\" style=\"width:100%;height:600px\" aria-label=\"Embed of Lista-inscrisi-admisi-activitati-Laborator-STEM.de afisat.15.12.2025.\"><\/object><a id=\"wp-block-file--media-19e55f82-7f55-4740-8212-da07230572a8\" href=\"https:\/\/dezvoltaredurabila.granturi.ubbcluj.ro\/wp-content\/uploads\/2025\/12\/Lista-inscrisi-admisi-activitati-Laborator-STEM.de-afisat.15.12.2025.pdf\">Lista-inscrisi-admisi-activitati-Laborator-STEM.de afisat.15.12.2025<\/a><a href=\"https:\/\/dezvoltaredurabila.granturi.ubbcluj.ro\/wp-content\/uploads\/2025\/12\/Lista-inscrisi-admisi-activitati-Laborator-STEM.de-afisat.15.12.2025.pdf\" class=\"wp-block-file__button wp-element-button\" download aria-describedby=\"wp-block-file--media-19e55f82-7f55-4740-8212-da07230572a8\">Download<\/a><\/div>\n\n\n\n<p><\/p>\n<\/details>\n\n\n\n<p class=\"has-text-align-center\"><\/p>\n","protected":false},"excerpt":{"rendered":"<p>Serie 2 Activit\u0103\u021bi-2026 \u00cen cadrul proiectului&nbsp;GreenSeed&nbsp;v\u0103 invit\u0103m s\u0103 descoperi\u021bi experien\u021ba unic\u0103 oferit\u0103 de&nbsp;Laboratorul STEM al Universit\u0103\u021bii Babe\u0219-Bolyai,&nbsp;un spa\u021biu transdisciplinar creat special pentru voi, \u00een care ve\u021bi \u00eenv\u0103\u021ba cum se lucreaz\u0103 \u00een echipe multidisciplinare din domeniul s\u0103n\u0103t\u0103\u021bii \u0219i al \u0219tiin\u021belor conexe. \ud83d\udca1 Ce v\u0103 oferim? \u2714\ufe0f sesiuni practice \u0219i \u00eent\u00e2lniri interactive \u00een cadrul Laboratorului STEM;\u2714\ufe0f oportunitatea&#8230;<\/p>\n<p class=\"more-link-wrap\"><a href=\"https:\/\/dezvoltaredurabila.granturi.ubbcluj.ro\/?page_id=175\" class=\"more-link\">Read More<span class=\"screen-reader-text\"> &ldquo;Laborator STEM&rdquo;<\/span> &raquo;<\/a><\/p>\n","protected":false},"author":1,"featured_media":0,"parent":0,"menu_order":0,"comment_status":"closed","ping_status":"closed","template":"","meta":{"_themeisle_gutenberg_block_has_review":false,"footnotes":""},"class_list":["post-175","page","type-page","status-publish","hentry"],"_links":{"self":[{"href":"https:\/\/dezvoltaredurabila.granturi.ubbcluj.ro\/index.php?rest_route=\/wp\/v2\/pages\/175","targetHints":{"allow":["GET"]}}],"collection":[{"href":"https:\/\/dezvoltaredurabila.granturi.ubbcluj.ro\/index.php?rest_route=\/wp\/v2\/pages"}],"about":[{"href":"https:\/\/dezvoltaredurabila.granturi.ubbcluj.ro\/index.php?rest_route=\/wp\/v2\/types\/page"}],"author":[{"embeddable":true,"href":"https:\/\/dezvoltaredurabila.granturi.ubbcluj.ro\/index.php?rest_route=\/wp\/v2\/users\/1"}],"replies":[{"embeddable":true,"href":"https:\/\/dezvoltaredurabila.granturi.ubbcluj.ro\/index.php?rest_route=%2Fwp%2Fv2%2Fcomments&post=175"}],"version-history":[{"count":6,"href":"https:\/\/dezvoltaredurabila.granturi.ubbcluj.ro\/index.php?rest_route=\/wp\/v2\/pages\/175\/revisions"}],"predecessor-version":[{"id":251,"href":"https:\/\/dezvoltaredurabila.granturi.ubbcluj.ro\/index.php?rest_route=\/wp\/v2\/pages\/175\/revisions\/251"}],"wp:attachment":[{"href":"https:\/\/dezvoltaredurabila.granturi.ubbcluj.ro\/index.php?rest_route=%2Fwp%2Fv2%2Fmedia&parent=175"}],"curies":[{"name":"wp","href":"https:\/\/api.w.org\/{rel}","templated":true}]}}