{"id":132,"date":"2025-05-23T17:18:51","date_gmt":"2025-05-23T17:18:51","guid":{"rendered":"https:\/\/dezvoltaredurabila.granturi.ubbcluj.ro\/?page_id=132"},"modified":"2025-05-23T17:25:11","modified_gmt":"2025-05-23T17:25:11","slug":"otthon-2-2","status":"publish","type":"page","link":"https:\/\/dezvoltaredurabila.granturi.ubbcluj.ro\/?page_id=132&lang=hu","title":{"rendered":"Otthon"},"content":{"rendered":"\n<p>A projekt 2024. december 1-j\u00e9t\u0151l 2026. november 30-ig tart, \u00e9s a fenti karok 500 hallgat\u00f3j\u00e1t c\u00e9lozza meg. A projekt \u00e1ltal\u00e1nos c\u00e9lja a K\u00e9mia \u00e9s Vegy\u00e9szm\u00e9rn\u00f6ki Kar, a Fizikai Kar, a Biol\u00f3gia \u00e9s Geol\u00f3gia Kar \u00e9s a F\u00f6ldrajz Kar hallgat\u00f3inak munkaer\u0151piaci relevanci\u00e1j\u00e1nak n\u00f6vel\u00e9se, valamint a magas sz\u00ednvonal\u00fa, rugalmas \u00e9s munkaer\u0151piaci szempontb\u00f3l relev\u00e1ns fels\u0151oktat\u00e1si programok fejleszt\u00e9s\u00e9nek el\u0151seg\u00edt\u00e9se. A c\u00e9lcsoport 500 hallgat\u00f3b\u00f3l \u00e1ll, akik a c\u00e9lzott karok egyik\u00e9n ISCED 6-7 szint\u0171 k\u00e9pz\u00e9sben vesznek r\u00e9szt. A minim\u00e1lis jogosults\u00e1gi felt\u00e9telek megegyeznek a P\u00e1ly\u00e1zati \u00datmutat\u00f3ban foglaltakkal: a p\u00e1ly\u00e1z\u00f3k a tev\u00e9kenys\u00e9gekben val\u00f3 els\u0151 r\u00e9szv\u00e9tel\u00fck napj\u00e1n 18 \u00e9s 35 \u00e9v k\u00f6z\u00f6tti \u00e9letkor\u00faak, \u00e9s a kev\u00e9sb\u00e9 fejlett r\u00e9gi\u00f3k egyik\u00e9ben \u00e9lnek.<\/p>\n\n\n\n<p>A karrier-tan\u00e1csad\u00e1si tev\u00e9kenys\u00e9gek \u00e9s az orsz\u00e1gban szervezett szakmai gyakorlatok mellett a projekt k\u00e9t k\u00e9pz\u00e9si tev\u00e9kenys\u00e9get is lebonyol\u00edt, amelyek c\u00e9lja a hallgat\u00f3k transzverz\u00e1lis k\u00e9szs\u00e9geinek elsaj\u00e1t\u00edt\u00e1sa a fenntarthat\u00f3 fejl\u0151d\u00e9s, valamint a fenntarthat\u00f3 v\u00e1llalkoz\u00e1sok sz\u00e1m\u00e1ra sz\u00fcks\u00e9ges v\u00e1llalkoz\u00f3i k\u00e9szs\u00e9gek ter\u00fclet\u00e9n. A projekt folytatja a UBB STEM laborat\u00f3rium\u00e1nak fejleszt\u00e9s\u00e9t, amely a n\u00e9gy kar hallgat\u00f3it fogja kiszolg\u00e1lni, a laborat\u00f3rium pedig k\u00e9pz\u00e9si k\u00f6zpontk\u00e9nt is szolg\u00e1l, ahol a munkaad\u00f3k speci\u00e1lis workshopokat tarthatnak az \u00e9rdekl\u0151d\u0151 hallgat\u00f3k sz\u00e1m\u00e1ra.<br>A projekt keret\u00e9ben sz\u00e1mos d\u00edjazott versenyt ind\u00edtanak, \u00e9s ig\u00e9nyfelm\u00e9r\u00e9s k\u00e9sz\u00fcl az alap- \u00e9s mesterk\u00e9pz\u00e9ses hallgat\u00f3k gyakorlati szakmai k\u00e9pz\u00e9s\u00e9vel kapcsolatban.<\/p>\n\n\n\n<p>Projekt eredm\u00e9nyei:<\/p>\n\n\n\n<p>R1.1: r\u00e9szt vev\u0151 hallgat\u00f3k sz\u00e1ma: 60 hallgat\u00f3; megrendezett versenyek sz\u00e1ma: 2 verseny; oda\u00edt\u00e9lt d\u00edjak sz\u00e1ma: 30 d\u00edj;<br>R1.2: r\u00e9szt vev\u0151 hallgat\u00f3k sz\u00e1ma: 60 hallgat\u00f3; megrendezett versenyek sz\u00e1ma: 2 verseny; oda\u00edt\u00e9lt d\u00edjak sz\u00e1ma: 30 d\u00edj;<br>R2.1: sikeresen teljes\u00edtett szakmai gyakorlatok sz\u00e1ma: 500; a szakmai gyakorlatot sikeresen elv\u00e9gzett hallgat\u00f3k sz\u00e1ma: 500; A hallgat\u00f3k r\u00e9szv\u00e9teli ar\u00e1nya szakmai gyakorlatokon, \u00fajonnan l\u00e9trehozott\/fejlesztett partners\u00e9gek keret\u00e9ben, amelyek el\u0151seg\u00edtik a fels\u0151fok\u00fa v\u00e9gzetts\u00e9g\u0171ek munkaer\u0151piacra val\u00f3 beilleszked\u00e9s\u00e9t: 100%; Az egyetem \u00e9s a mag\u00e1nszektor, valamint a kutat\u00e1s \u00e9s innov\u00e1ci\u00f3 ter\u00fclet\u00e9n m\u0171k\u00f6d\u0151 szerepl\u0151k k\u00f6z\u00f6tt \u00fajonnan l\u00e9trehozott\/fejlesztett fenntarthat\u00f3 partners\u00e9gek sz\u00e1ma, bele\u00e9rtve a szakmai gyakorlatok szervez\u00e9s\u00e9t is: 8 partners\u00e9g. A szervezett szakmai versenyeken\/versenyeken a di\u00e1koknak felaj\u00e1nlott d\u00edjak sz\u00e1ma: 250 d\u00edj. A projekt \u00e9rdekl\u0151d\u00e9si k\u00f6r\u00e9be tartoz\u00f3 \u00fczleti k\u00f6rnyezet k\u00e9pvisel\u0151ivel szervezett tal\u00e1lkoz\u00f3k sz\u00e1ma: 16 tal\u00e1lkoz\u00f3. A c\u00e9lcsoport sz\u00e1m\u00e1ra szervezett \u00fczletipartner-prezent\u00e1ci\u00f3s esem\u00e9nyek sz\u00e1ma, amelyek c\u00e9lja az \u00fczleti \u00e9s az akad\u00e9miai k\u00f6rnyezet k\u00f6z\u00f6tti interakci\u00f3 fokoz\u00e1sa, valamint a hallgat\u00f3k \u00fczleti k\u00f6rnyezettel val\u00f3 ismeret\u00e9nek b\u0151v\u00edt\u00e9se a foglalkoztathat\u00f3s\u00e1g n\u00f6vel\u00e9se \u00e9rdek\u00e9ben: 8 esem\u00e9ny;<br>R2.2: megszervezett tan\u00e1csad\u00e1si \u00fcl\u00e9sek sz\u00e1ma: 1000. R\u00e9sztvev\u0151 hallgat\u00f3k sz\u00e1ma: 500;<br>R2.3: 1 laborat\u00f3rium, amely a STEM ter\u00fclet\u00e9n a fenntarthat\u00f3 fejl\u0151d\u00e9ssel kapcsolatos c\u00e9lkit\u0171z\u00e9sek el\u00e9r\u00e9s\u00e9hez speci\u00e1lis felszerel\u00e9ssel van felszerelve; 12 munkaad\u00f3kkal szervezett tal\u00e1lkoz\u00f3 a projekt hallgat\u00f3i sz\u00e1m\u00e1ra a STEM laborat\u00f3riumi terekben. R\u00e9sztvev\u0151 hallgat\u00f3k sz\u00e1ma: 60 hallgat\u00f3; 1 transzdiszciplin\u00e1ris konferencia megszervez\u00e9se; 30 d\u00edjat adtak \u00e1t a konferenci\u00e1n r\u00e9szt vev\u0151 di\u00e1koknak;<br>R3.1: a projektben r\u00e9szt vev\u0151 4 karr\u00f3l sz\u00e1rmaz\u00f3 UBB v\u00e9gzettek munkaer\u0151piaci beilleszked\u00e9s\u00e9r\u0151l sz\u00f3l\u00f3 jelent\u00e9sek sz\u00e1ma: 1 jelent\u00e9s; a projektben r\u00e9szt vev\u0151 4 kar hallgat\u00f3it fogad\u00f3 gazdas\u00e1gi szerepl\u0151k (munkaad\u00f3k) k\u00e9pvisel\u0151ivel szervezett f\u00f3kuszcsoportok sz\u00e1ma: 5 f\u00f3kuszcsoport; munk\u00e1ltat\u00f3k sz\u00e1m\u00e1ra kidolgozott k\u00e9rd\u0151\u00edvek sz\u00e1ma: 1 k\u00e9rd\u0151\u00edv; a projektben r\u00e9szt vev\u0151 4 kar hallgat\u00f3it fogad\u00f3 munkaad\u00f3knak c\u00edmzett k\u00e9rd\u0151\u00edves felm\u00e9r\u00e9sr\u0151l sz\u00f3l\u00f3 jelent\u00e9sek sz\u00e1ma: 1 jelent\u00e9s; Aj\u00e1nl\u00e1sk\u00e9szletek a UBB hallgat\u00f3inak \u00e9s v\u00e9gzettjeinek sikeres munkaer\u0151piaci integr\u00e1ci\u00f3j\u00e1hoz sz\u00fcks\u00e9ges gyakorlati \u00e9s elm\u00e9leti, valamint transzverz\u00e1lis szakmai k\u00e9szs\u00e9gek fejleszt\u00e9s\u00e9nek ig\u00e9nyeire vonatkoz\u00f3an: 1 k\u00e9szlet.<br>R 4.1: Beny\u00fajtott halad\u00e1sjelent\u00e9sek sz\u00e1ma: 8; Beny\u00fajtott visszat\u00e9r\u00edt\u00e9si k\u00e9relmek sz\u00e1ma: 8; Beny\u00fajtott el\u0151finansz\u00edroz\u00e1si k\u00e9relmek sz\u00e1ma: 2; Megk\u00f6t\u00f6tt munkaszerz\u0151d\u00e9sek sz\u00e1ma: 100; \u00c1rusz\u00e1ll\u00edt\u00e1sra \u00e9s szolg\u00e1ltat\u00e1sny\u00fajt\u00e1sra vonatkoz\u00f3 szerz\u0151d\u00e9sek sz\u00e1ma: 5;<br>R5.1: Ki\u00e1ll\u00edtott poszterek sz\u00e1ma: 10 poszter (minimum A3 m\u00e9ret); Sajt\u00f3k\u00f6zlem\u00e9nyek sz\u00e1ma: 2 k\u00f6zlem\u00e9ny; 1 projekt weboldal;<\/p>\n","protected":false},"excerpt":{"rendered":"<p>A projekt 2024. december 1-j\u00e9t\u0151l 2026. november 30-ig tart, \u00e9s a fenti karok 500 hallgat\u00f3j\u00e1t c\u00e9lozza meg. A projekt \u00e1ltal\u00e1nos c\u00e9lja a K\u00e9mia \u00e9s Vegy\u00e9szm\u00e9rn\u00f6ki Kar, a Fizikai Kar, a Biol\u00f3gia \u00e9s Geol\u00f3gia Kar \u00e9s a F\u00f6ldrajz Kar hallgat\u00f3inak munkaer\u0151piaci relevanci\u00e1j\u00e1nak n\u00f6vel\u00e9se, valamint a magas sz\u00ednvonal\u00fa, rugalmas \u00e9s munkaer\u0151piaci szempontb\u00f3l relev\u00e1ns fels\u0151oktat\u00e1si programok fejleszt\u00e9s\u00e9nek el\u0151seg\u00edt\u00e9se&#8230;.<\/p>\n<p class=\"more-link-wrap\"><a href=\"https:\/\/dezvoltaredurabila.granturi.ubbcluj.ro\/?page_id=132&#038;lang=hu\" class=\"more-link\">Read More<span class=\"screen-reader-text\"> &ldquo;Otthon&rdquo;<\/span> &raquo;<\/a><\/p>\n","protected":false},"author":1,"featured_media":0,"parent":0,"menu_order":0,"comment_status":"closed","ping_status":"closed","template":"","meta":{"_themeisle_gutenberg_block_has_review":false,"footnotes":""},"class_list":["post-132","page","type-page","status-publish","hentry"],"_links":{"self":[{"href":"https:\/\/dezvoltaredurabila.granturi.ubbcluj.ro\/index.php?rest_route=\/wp\/v2\/pages\/132","targetHints":{"allow":["GET"]}}],"collection":[{"href":"https:\/\/dezvoltaredurabila.granturi.ubbcluj.ro\/index.php?rest_route=\/wp\/v2\/pages"}],"about":[{"href":"https:\/\/dezvoltaredurabila.granturi.ubbcluj.ro\/index.php?rest_route=\/wp\/v2\/types\/page"}],"author":[{"embeddable":true,"href":"https:\/\/dezvoltaredurabila.granturi.ubbcluj.ro\/index.php?rest_route=\/wp\/v2\/users\/1"}],"replies":[{"embeddable":true,"href":"https:\/\/dezvoltaredurabila.granturi.ubbcluj.ro\/index.php?rest_route=%2Fwp%2Fv2%2Fcomments&post=132"}],"version-history":[{"count":3,"href":"https:\/\/dezvoltaredurabila.granturi.ubbcluj.ro\/index.php?rest_route=\/wp\/v2\/pages\/132\/revisions"}],"predecessor-version":[{"id":136,"href":"https:\/\/dezvoltaredurabila.granturi.ubbcluj.ro\/index.php?rest_route=\/wp\/v2\/pages\/132\/revisions\/136"}],"wp:attachment":[{"href":"https:\/\/dezvoltaredurabila.granturi.ubbcluj.ro\/index.php?rest_route=%2Fwp%2Fv2%2Fmedia&parent=132"}],"curies":[{"name":"wp","href":"https:\/\/api.w.org\/{rel}","templated":true}]}}